12*t - 7*t - 1132 = 2*b, 2*t - 2*b - 448 = 0. Suppose v = -2*v + t. What are the prime factors of v?
2, 19
Suppose 3*r = 5*h + 9, -r - r + 4*h + 6 = 0. Suppose k + 3*j = -0*j + 17, -4*k - r*j + 104 = 0. What are the prime factors of k?
29
Let y(z) = 41*z - 391. List the prime factors of y(31).
2, 5, 11
Let r = 1656 - 53. What are the prime factors of r?
7, 229
Let d = -764 + 876. List the prime factors of d.
2, 7
Let w be ((-4)/(-5))/(2/(-15)). Let k = 7 + w. List the prime factors of -3*k/(-3) - -1.
2
Let s(r) = -2*r + 24. Let x be s(11). Suppose -12 = -4*z, 2*o + 0*o = -x*z + 54. List the prime factors of o.
2, 3
Suppose -187 = -41*b - 64. Suppose -5*o + 2*h + 542 = 0, -4*o + 4*h + 436 = -0*h. What are the prime factors of (o/48)/(b/28)?
3, 7
Let r(a) = 163*a + 38. What are the prime factors of r(7)?
3, 131
Let b = -1377 - -3167. List the prime factors of b.
2, 5, 179
Let i(h) = -2*h - 3 - 4*h + 3*h. Let u be i(-12). Let x = u - 21. List the prime factors of x.
2, 3
List the prime factors of 44*15 - -6 - 7.
659
Suppose -5*l = 2*u - 431 - 632, 3*u - 1598 = -4*l. Suppose -x - x = -u. Suppose -5*g + 2*y = -263, 7*g - 3*y - x = 2*g. List the prime factors of g.
3, 17
Let t(s) be the first derivative of s**4/4 + 20*s**3/3 + 21*s - 17. List the prime factors of t(-20).
3, 7
Suppose 4*w = 7*w + 9. Let s(x) = 9*x**2 - 3*x - 3. Let q be s(w). Let d = -45 + q. What are the prime factors of d?
2, 3, 7
Let i(d) = -10*d - 5. Let v be i(-2). Let z = v - 12. Let w = z - -1. What are the prime factors of w?
2
Suppose -4*i + 13 + 7 = 0. Let k(f) = 2*f**2 + 11*f - 3. Let c be k(-8). Suppose -25 = -3*q + i*t, 5*q + t = c + 14. What are the prime factors of q?
2, 5
Let p = -1 - 4. Let a(d) be the first derivative of 2*d**3/3 + 7*d**2/2 - d - 2. List the prime factors of a(p).
2, 7
Suppose 32*t - 34*t + o = -40, 3*o = 6. List the prime factors of t.
3, 7
List the prime factors of (-6)/(-33) + (-12035)/(-55) + -1.
2, 109
Let j = 362 + -165. Let q = j - 128. What are the prime factors of q?
3, 23
Suppose -5*b = y - 32416, 0 = -18*b + 19*b - y - 6488. What are the prime factors of b?
2, 1621
Suppose 2*u - 58 = -0*u - 5*y, 29 = u - 2*y. Suppose 6 - 40 = 2*g. Let s = g + u. List the prime factors of s.
2, 3
Let u be (-358)/(-2) - (-18)/(-9). Suppose -b - 3*f = -6*b + 295, -f = 3*b - u. List the prime factors of b.
59
What are the prime factors of (-1)/((-4 - 2)/750)?
5
Let g(d) = 71*d + 6. What are the prime factors of g(1)?
7, 11
Suppose 11773 = -53*j + 247782. What are the prime factors of j?
61, 73
Let m(h) = h + 7. Let b be m(-4). Suppose -3*z + b*w - 45 = -0*w, -3*w - 3 = z. List the prime factors of (-9)/z + 41/4.
11
Suppose 147 = -7*g - 0*g. Let h be (4/(-6))/((-14)/g). List the prime factors of (12/(-20))/(h/95).
3, 19
Let t be 10/3*(-42)/(-14). Let d(m) be the first derivative of m**3/3 - 4*m**2 - 6*m - 10. List the prime factors of d(t).
2, 7
What are the prime factors of (1*-3064)/(-2) - (-109 + 104)?
29, 53
What are the prime factors of ((-588)/16 - 0)/(4/(-48))?
3, 7
Let m be (-16)/(-9) - (-34)/153. Let l be ((-1)/m)/(1/(-6)). Suppose 0 = l*y - 55 - 14. What are the prime factors of y?
23
Let b = -36 - -33. What are the prime factors of ((-1)/b)/(4/336*4)?
7
Suppose -g + 6*g - 450 = 0. List the prime factors of g.
2, 3, 5
Let k(f) = -8*f - 4. Let l be k(-4). Let t = 33 - l. Suppose -t*i + 224 = -126. List the prime factors of i.
2, 5, 7
Suppose 0 = 4*b - 3*x - 3 + 9, 0 = -3*b + x - 2. Suppose -4*g + 252 = -b*g. What are the prime factors of g?
3, 7
Let s(w) = 198*w + 723. What are the prime factors of s(16)?
3, 1297
Suppose -3*a = 5*o - 11, -4*a + 5*o = a - 5. Let y(m) = 10*m + 7. List the prime factors of y(a).
3
Let s = 2984 + -1408. What are the prime factors of s?
2, 197
Let m(s) = 16*s + 48. What are the prime factors of m(16)?
2, 19
What are the prime factors of (-14)/(-6) + (-83864)/(-66)?
19, 67
Suppose 5*f - 17*l = -18*l + 6072, 0 = -5*l - 15. List the prime factors of f.
3, 5
What are the prime factors of -2*(-2 - (-2466)/(-12))*1?
5, 83
Let t = -144 + 204. List the prime factors of t.
2, 3, 5
Let g(m) = -7 - 13 + 4 + 5*m. Let z be 2/(-7) - (-3 - 120/28). What are the prime factors of g(z)?
19
Let k = -119 - -118. What are the prime factors of 105 + k + 12/4?
107
Let c(w) = w**2 - 31. Let h be c(7). Suppose 0 = 2*m + 2*z - 256, -2*m + 5*z + 260 - h = 0. What are the prime factors of m?
2, 3, 7
Let z be 2 + 2 - -1*4/4. Suppose z*m + 2*i = 598, -3*i - 578 = -5*m - 0*m. What are the prime factors of m?
2, 59
Suppose 9 = j - m + 5*m, 0 = -3*j + m + 1. Let v be (4 - 5)/(j/(-26)). What are the prime factors of (1 + 3/(-6))*v?
13
Suppose 0*w - 63 = 4*c + w, 0 = 2*c - 3*w + 35. Let x = c - -18. Suppose -x*f = -3*p - 53, 4*f + 3*p = 67 + 48. What are the prime factors of f?
2, 7
Let p be 70/22 + 16/(-88). Suppose -12 = -p*y - y, 5*y - 159 = -3*w. List the prime factors of w.
2, 3
Let f be 0/3 - -3 - -1. Suppose k - 30 = -f*g, 4*k + g - 65 = -4*g. What are the prime factors of 516/15 + (-4)/k?
2, 17
Suppose -3*p = y - 9, 2 = 5*p + 2*y - 12. Suppose 5 = s + g - 3, -2*g = -p*s + 20. Let b = 9 - s. What are the prime factors of b?
3
List the prime factors of (-12)/(-27) + (-526162)/(-234).
13, 173
Let d(h) = -h**2 - h + 2 + 18*h**3 - 2 + 1 + 3*h**3. Let y be d(1). Let v = -9 + y. What are the prime factors of v?
11
Suppose 3*q - 4*q = -1. Let f be q/2 - (-1673)/14. Suppose -2*z + f = 6. List the prime factors of z.
3, 19
Let t be 1/3 - 4*(-152)/(-96). List the prime factors of t - 7/(-1) - 224/(-2).
113
Let h(f) = f**3 - f**2 + f + 7. Let l(a) = a**3 - 13*a**2 - 14*a + 3. Let n be l(14). What are the prime factors of h(n)?
2, 7
Let m = 33 - 33. Suppose 3*i + l + 72 = 0, m*i + 5*l = 4*i + 96. Let h = 31 - i. What are the prime factors of h?
5, 11
Suppose 61*g = 66*g - 660. Let n = -22 + g. List the prime factors of n.
2, 5, 11
Suppose 50*s - 17296 = 42*s. List the prime factors of s.
2, 23, 47
Let d = -53 - -37. Let n = 170 + d. Suppose 0*o = 4*w - 2*o - n, -2*w + 83 = -3*o. What are the prime factors of w?
37
What are the prime factors of 26746/10 + 42/105?
5, 107
Let b be ((-8)/(-3) - 2)/((-2)/12). What are the prime factors of 186*(1*b/1 + 5)?
2, 3, 31
Suppose -15062 = 13*o - 30*o. What are the prime factors of o?
2, 443
Let w(s) = 2*s - 4. Let l be 8/6*18/3. What are the prime factors of w(l)?
2, 3
Let s(c) = -c**3 - 9*c**2 + 6*c + 14. Let p be s(-10). Let j = 125 - p. List the prime factors of j.
71
Let b(s) = s**3 - 20*s**2 + 24*s - 17. List the prime factors of b(20).
463
Let d be -2*((-6)/(-2) - 4). Suppose -4*j + 310 = -d. What are the prime factors of j?
2, 3, 13
Suppose 2*r + r + 357 = 0. Let j be 5/(15/(-6)) + r. Let p = -64 - j. What are the prime factors of p?
3, 19
Suppose 5*q - 305 = 5*b, 3*b = -5*q + 36 + 237. Let t = -9 + q. What are the prime factors of t?
2, 3
Suppose 11*w = 8*w + 15, 2*a - 5748 = -2*w. What are the prime factors of a?
19, 151
List the prime factors of 2692/(104/40 + 3/(-5)).
2, 673
Suppose 0 = 2*s + 2*q - 26, 0*s + 4*s - 4*q = 28. Suppose -4*v = 4*n - 600, -s*n = -7*n - v - 458. List the prime factors of n.
2, 19
Let i(v) = v**3 + 17*v**2 + 8*v - 5. What are the prime factors of i(-7)?
3, 11, 13
Suppose -4*d + 12 = -4. Suppose 0*b - b = a - 243, -980 = -d*b + 4*a. Suppose 0 = -5*o - 2*m + 243, -7*o - m + b = -2*o. List the prime factors of o.
7
Let s(x) = x**3 + 20*x**2 + 19*x - 2. Let o be s(-19). What are the prime factors of 0 + ((-3)/o)/((-3)/(-172))?
2, 43
Let w(s) = s**2 - 3*s - 24. Let x be w(19). Suppose -3*b = -8*b + x. List the prime factors of b.
2, 7
List the prime factors of 4/(-25)*-5 + 1096/5.
2, 5, 11
Let r be (0 + 1)*-182*(-17)/34. Let d = -68 + r. What are the prime factors of d?
23
Let b(z) = -9*z - 4*z**2 + 11*z**2 - 8*z**2 - 3. Suppose -4*i - 45 = -17. What are the prime factors of b(i)?
11
Let f be (-36)/9 - 3*-3. Suppose 2 = -t - 4*y, -f*t + 19 = -2*y + 7. Suppose -152 = -5*x - h, t*h - 10 = -5*x + 139. What are the prime factors of x?
31
Suppose -2*o = -3*t - 270, o - 5*t - 117 = 18. Let q = -5 + 9. Suppose q*x = o + 9. List the prime factors of x.
2, 3
Let o = 19 + -20. Let j(s) = -28*s**3 + 0 + 11*s**3 - 1. What are the prime factors of j(o)?
2
Let k = 152 + 310. What are the prime factors 